{"id":29299,"date":"2024-02-16T10:32:16","date_gmt":"2024-02-16T09:32:16","guid":{"rendered":"https:\/\/www.globos.de\/?post_type=tribe_events&#038;p=29299"},"modified":"2024-02-21T09:47:59","modified_gmt":"2024-02-21T08:47:59","slug":"forum-automobillogistik","status":"publish","type":"tribe_events","link":"https:\/\/www.globos.de\/en\/veranstaltung\/forum-automobillogistik\/","title":{"rendered":"Forum Automobillogistik"},"content":{"rendered":"<div class=\"tribe-events-schedule tribe-clearfix\">\n\t<h2 class=\"tribe-events-schedule__datetime\">\n\t\t<span class=\"tribe-events-schedule__date tribe-events-schedule__date--start\">\n\t\t\t28. February 2024\t\t<\/span>\n\n\t\t\t\t\t<span class=\"tribe-events-schedule__separator tribe-events-schedule__separator--date\">\n\t\t\t\t um \t\t\t<\/span>\n\t\t\t<span class=\"tribe-events-schedule__time tribe-events-schedule__time--start\">\n\t\t\t\t9.00\t\t\t<\/span>\n\t\t\n\t\t\t\t\t\t\t\t\t<span class=\"tribe-events-schedule__separator tribe-events-schedule__separator--time\">\n\t\t\t\t\t &#8211; \t\t\t\t<\/span>\n\t\t\t\n\t\t\t\t\t\t\t<span class=\"tribe-events-schedule__date tribe-events-schedule__date--end\">\n\t\t\t\t\t29. February 2024\t\t\t\t<\/span>\n\n\t\t\t\t\t\t\t\t\t<span class=\"tribe-events-schedule__separator tribe-events-schedule__separator--date\">\n\t\t\t\t\t\t um \t\t\t\t\t<\/span>\n\t\t\t\t\t<span class=\"tribe-events-schedule__time tribe-events-schedule__time--end\">\n\t\t\t\t\t\t8.30 Uhr\n\t\t\t\t\t<\/span>\n\t\t\t\t\n\t\t\t\n\t\t\t\t\t\t<\/h2>\n<\/div>\n\n\n\n<p><\/p>\n\n\n<div  class=\"tribe-block tribe-block__venue tribe-clearfix\" >\n\t\n\t\n<div class=\"tribe-block__venue__meta\">\n\t<div class=\"tribe-block__venue__name\">\n\t\t<h3>W\u00f6rth am Rhein<\/h3>\n\t<\/div>\n\n\t\n\t\t\t\t\t\t<address class=\"tribe-block__venue__address\">\n\t\t\t\t<span class=\"tribe-address\">\n\n\n\t<span class=\"tribe-locality\">W\u00f6rth am Rhein<\/span><span class=\"tribe-delimiter\">,<\/span>\n\n\n\n\n<\/span>\n\n\t\t\t\t\t\t\t<\/address>\n\t\t\n\t\t\n\t\t\t\n\t<\/div>\n\t\n\t<\/div>\n\n\n\n<p>Unter dem Motto &#8220;Alles elektrisch &#8211; die Logistik in der neuen Mobilit\u00e4t&#8221; findet vom 28. bis 29. Februar 2024 das Forum Automobillogistik (FAL) <br>in W\u00f6rth am Rhein statt.<\/p>\n\n\n\n<p>Das Forum Automobillogistik (FAL) ist das Jahrestreffen von Logistikern und Supply-Chain-Managern der Hersteller (OEM) und Lieferanten sowie <br>von Automobilexperten aus Logistik-, IT-, Verpackungs-, Dienstleistungs- und Beratungsunternehmen.<\/p>\n\n\n\n<p>Es ist ein idealer Anlass, um Know-how und Ideen auszutauschen und pers\u00f6nliche Kontakte zu kn\u00fcpfen. Das Programm ist stets gepr\u00e4gt von den wichtigsten Fragen, die die Branche betreffen. Die begleitende Fachausstellung und Sponsoring Angebote bieten Unternehmen die M\u00f6glichkeit, sich zielgerichtet zu pr\u00e4sentieren.<\/p>\n\n\n\n<p>Besuchen Sie uns gern am <strong>Stand 33<\/strong> &#8211; wir freuen uns auf Sie!<\/p>\n\n\n\n<figure class=\"wp-block-image size-full\" data-layer=\"0\"><img loading=\"lazy\" decoding=\"async\" width=\"1001\" height=\"1001\" src=\"https:\/\/www.globos.de\/wp-content\/uploads\/2024\/02\/Bild.jpg\" alt=\"\" class=\"wp-image-29439\" srcset=\"https:\/\/www.globos.de\/wp-content\/uploads\/2024\/02\/Bild.jpg 1001w, https:\/\/www.globos.de\/wp-content\/uploads\/2024\/02\/Bild-380x380.jpg 380w, https:\/\/www.globos.de\/wp-content\/uploads\/2024\/02\/Bild-768x768.jpg 768w, https:\/\/www.globos.de\/wp-content\/uploads\/2024\/02\/Bild-80x80.jpg 80w\" sizes=\"auto, (max-width: 1001px) 100vw, 1001px\" \/><\/figure>\n","protected":false},"excerpt":{"rendered":"<p>Unter dem Motto &#8220;Alles elektrisch &#8211; die Logistik in der neuen Mobilit\u00e4t&#8221; findet vom 28. bis 29. Februar 2024 das Forum Automobillogistik (FAL) in W\u00f6rth am Rhein statt. Das Forum<\/p>\n","protected":false},"author":3,"featured_media":29437,"template":"","meta":{"_EventAllDay":false,"_EventTimezone":"Europe\/Berlin","_EventStartDate":"2024-02-28 09:00:00","_EventEndDate":"2024-02-29 08:30:00","_EventStartDateUTC":"2024-02-28 08:00:00","_EventEndDateUTC":"2024-02-29 07:30:00","_EventShowMap":false,"_EventShowMapLink":false,"_EventURL":"","_EventCost":"","_EventCostDescription":"","_EventCurrencySymbol":"\u20ac","_EventCurrencyCode":"USD","_EventCurrencyPosition":"suffix","_EventDateTimeSeparator":" um ","_EventTimeRangeSeparator":" - ","_EventOrganizerID":[],"_EventVenueID":[29408],"_OrganizerEmail":"","_OrganizerPhone":"","_OrganizerWebsite":"","_VenueAddress":"","_VenueCity":"","_VenueCountry":"","_VenueProvince":"","_VenueState":"","_VenueZip":"","_VenuePhone":"","_VenueURL":"","_VenueStateProvince":"","_VenueLat":"","_VenueLng":"","_VenueShowMap":false,"_VenueShowMapLink":false,"_tribe_events_status":"","_tribe_events_status_reason":"","footnotes":""},"tribe_events_cat":[652],"class_list":["post-29299","tribe_events","type-tribe_events","status-publish","has-post-thumbnail","hentry","tribe_events_cat-messe","cat_messe"],"_links":{"self":[{"href":"https:\/\/www.globos.de\/en\/wp-json\/wp\/v2\/tribe_events\/29299","targetHints":{"allow":["GET"]}}],"collection":[{"href":"https:\/\/www.globos.de\/en\/wp-json\/wp\/v2\/tribe_events"}],"about":[{"href":"https:\/\/www.globos.de\/en\/wp-json\/wp\/v2\/types\/tribe_events"}],"author":[{"embeddable":true,"href":"https:\/\/www.globos.de\/en\/wp-json\/wp\/v2\/users\/3"}],"version-history":[{"count":15,"href":"https:\/\/www.globos.de\/en\/wp-json\/wp\/v2\/tribe_events\/29299\/revisions"}],"predecessor-version":[{"id":29440,"href":"https:\/\/www.globos.de\/en\/wp-json\/wp\/v2\/tribe_events\/29299\/revisions\/29440"}],"wp:featuredmedia":[{"embeddable":true,"href":"https:\/\/www.globos.de\/en\/wp-json\/wp\/v2\/media\/29437"}],"wp:attachment":[{"href":"https:\/\/www.globos.de\/en\/wp-json\/wp\/v2\/media?parent=29299"}],"wp:term":[{"taxonomy":"tribe_events_cat","embeddable":true,"href":"https:\/\/www.globos.de\/en\/wp-json\/wp\/v2\/tribe_events_cat?post=29299"}],"curies":[{"name":"wp","href":"https:\/\/api.w.org\/{rel}","templated":true}]}}

<div class="tribe-events-schedule tribe-clearfix">
	<h2 class="tribe-events-schedule__datetime">
		<span class="tribe-events-schedule__date tribe-events-schedule__date--start">
			28. February 2024		</span>

					<span class="tribe-events-schedule__separator tribe-events-schedule__separator--date">
				 um 			</span>
			<span class="tribe-events-schedule__time tribe-events-schedule__time--start">
				9.00			</span>
		
									<span class="tribe-events-schedule__separator tribe-events-schedule__separator--time">
					 &#8211; 				</span>
			
							<span class="tribe-events-schedule__date tribe-events-schedule__date--end">
					29. February 2024				</span>

									<span class="tribe-events-schedule__separator tribe-events-schedule__separator--date">
						 um 					</span>
					<span class="tribe-events-schedule__time tribe-events-schedule__time--end">
						8.30 Uhr
					</span>
				
			
						</h2>
</div>



<p></p>


<div  class="tribe-block tribe-block__venue tribe-clearfix" >
	
	
<div class="tribe-block__venue__meta">
	<div class="tribe-block__venue__name">
		<h3>Wörth am Rhein</h3>
	</div>

	
						<address class="tribe-block__venue__address">
				<span class="tribe-address">


	<span class="tribe-locality">Wörth am Rhein</span><span class="tribe-delimiter">,</span>




</span>

							</address>
		
		
			
	</div>
	
	</div>



<p>Unter dem Motto &#8220;Alles elektrisch &#8211; die Logistik in der neuen Mobilität&#8221; findet vom 28. bis 29. Februar 2024 das Forum Automobillogistik (FAL) <br>in Wörth am Rhein statt.</p>



<p>Das Forum Automobillogistik (FAL) ist das Jahrestreffen von Logistikern und Supply-Chain-Managern der Hersteller (OEM) und Lieferanten sowie <br>von Automobilexperten aus Logistik-, IT-, Verpackungs-, Dienstleistungs- und Beratungsunternehmen.</p>



<p>Es ist ein idealer Anlass, um Know-how und Ideen auszutauschen und persönliche Kontakte zu knüpfen. Das Programm ist stets geprägt von den wichtigsten Fragen, die die Branche betreffen. Die begleitende Fachausstellung und Sponsoring Angebote bieten Unternehmen die Möglichkeit, sich zielgerichtet zu präsentieren.</p>



<p>Besuchen Sie uns gern am <strong>Stand 33</strong> &#8211; wir freuen uns auf Sie!</p>



<figure class="wp-block-image size-full" data-layer="0"><img loading="lazy" decoding="async" width="1001" height="1001" src="https://www.globos.de/wp-content/uploads/2024/02/Bild.jpg" alt="" class="wp-image-29439" srcset="https://www.globos.de/wp-content/uploads/2024/02/Bild.jpg 1001w, https://www.globos.de/wp-content/uploads/2024/02/Bild-380x380.jpg 380w, https://www.globos.de/wp-content/uploads/2024/02/Bild-768x768.jpg 768w, https://www.globos.de/wp-content/uploads/2024/02/Bild-80x80.jpg 80w" sizes="auto, (max-width: 1001px) 100vw, 1001px" /></figure>

<p>Unter dem Motto &#8220;Alles elektrisch &#8211; die Logistik in der neuen Mobilität&#8221; findet vom 28. bis 29. Februar 2024 das Forum Automobillogistik (FAL) in Wörth am Rhein statt. Das Forum</p>
